{"id":774,"date":"2026-04-18T15:06:45","date_gmt":"2026-04-18T15:06:45","guid":{"rendered":"https:\/\/shopbanh.azdigi.shop\/?post_type=product&#038;p=774"},"modified":"2026-04-18T15:12:30","modified_gmt":"2026-04-18T15:12:30","slug":"banh-quy-yen-mach-hanh-nhan-healthy","status":"publish","type":"product","link":"https:\/\/shopbanh.azdigi.shop\/index.php\/san-pham\/banh-quy-yen-mach-hanh-nhan-healthy\/","title":{"rendered":"B\u00e1nh Quy Y\u1ebfn M\u1ea1ch H\u1ea1nh Nh\u00e2n"},"content":{"rendered":"<h2 data-path-to-node=\"6\"><b data-path-to-node=\"6\" data-index-in-node=\"0\">B\u00e1nh quy y\u1ebfn m\u1ea1ch h\u1ea1nh nh\u00e2n \u2013 N\u0103ng l\u01b0\u1ee3ng v\u00e0ng cho l\u1ed1i s\u1ed1ng hi\u1ec7n \u0111\u1ea1i<\/b><\/h2>\n<p data-path-to-node=\"7\">N\u1ebfu b\u1ea1n \u0111ang t\u00ecm ki\u1ebfm m\u1ed9t d\u00f2ng <b data-path-to-node=\"7\" data-index-in-node=\"31\">b\u00e1nh quy<\/b> v\u1eeba ngon mi\u1ec7ng l\u1ea1i v\u1eeba t\u1ed1t cho s\u1ee9c kh\u1ecfe, th\u00ec <b data-path-to-node=\"7\" data-index-in-node=\"85\">b\u00e1nh quy<\/b> y\u1ebfn m\u1ea1ch h\u1ea1nh nh\u00e2n c\u1ee7a ch\u00fang t\u00f4i ch\u00ednh l\u00e0 ch\u00e2n \u00e1i. \u0110\u00e2y kh\u00f4ng ch\u1ec9 l\u00e0 m\u00f3n \u0103n v\u1eb7t, m\u00e0 l\u00e0 m\u1ed9t gi\u1ea3i ph\u00e1p dinh d\u01b0\u1ee1ng gi\u00fap b\u1ea1n n\u1ea1p n\u0103ng l\u01b0\u1ee3ng s\u1ea1ch m\u00e0 kh\u00f4ng lo ng\u1ea1i v\u1ec1 c\u00e2n n\u1eb7ng.<\/p>\n<h3 data-path-to-node=\"8\"><b data-path-to-node=\"8\" data-index-in-node=\"0\">T\u1ea1i sao chi\u1ebfc b\u00e1nh quy n\u00e0y l\u1ea1i chinh ph\u1ee5c m\u1ecdi th\u1ef1c kh\u00e1ch?<\/b><\/h3>\n<ul data-path-to-node=\"9\">\n<li>\n<p data-path-to-node=\"9,0,0\"><b data-path-to-node=\"9,0,0\" data-index-in-node=\"0\">Si\u00eau th\u1ef1c ph\u1ea9m t\u1eeb Y\u1ebfn M\u1ea1ch:<\/b> Ch\u00fang t\u00f4i s\u1eed d\u1ee5ng y\u1ebfn m\u1ea1ch nguy\u00ean c\u00e1m gi\u00fap chi\u1ebfc <b data-path-to-node=\"9,0,0\" data-index-in-node=\"77\">b\u00e1nh quy<\/b> gi\u00e0u ch\u1ea5t x\u01a1 h\u00f2a tan, t\u1ea1o c\u1ea3m gi\u00e1c no l\u00e2u v\u00e0 h\u1ed7 tr\u1ee3 h\u1ec7 ti\u00eau h\u00f3a ho\u1ea1t \u0111\u1ed9ng tr\u01a1n tru.<\/p>\n<\/li>\n<li>\n<p data-path-to-node=\"9,1,0\"><b data-path-to-node=\"9,1,0\" data-index-in-node=\"0\">H\u1ea1nh nh\u00e2n l\u00e1t gi\u00f2n b\u00f9i:<\/b> T\u1eebng mi\u1ebfng <b data-path-to-node=\"9,1,0\" data-index-in-node=\"35\">b\u00e1nh quy<\/b> \u0111\u01b0\u1ee3c bao ph\u1ee7 b\u1edfi nh\u1eefng l\u00e1t h\u1ea1nh nh\u00e2n s\u1ea5y, cung c\u1ea5p ngu\u1ed3n ch\u1ea5t b\u00e9o t\u1ed1t (Omega-3) v\u00e0 vitamin E gi\u00fap l\u00e0m \u0111\u1eb9p da, t\u1ed1t cho tim m\u1ea1ch.<\/p>\n<\/li>\n<li>\n<p data-path-to-node=\"9,2,0\"><b data-path-to-node=\"9,2,0\" data-index-in-node=\"0\">V\u1ecb ng\u1ecdt thanh t\u1eeb m\u1eadt ong:<\/b> N\u00f3i kh\u00f4ng v\u1edbi \u0111\u01b0\u1eddng tr\u1eafng, chi\u1ebfc <b data-path-to-node=\"9,2,0\" data-index-in-node=\"59\">b\u00e1nh quy<\/b> n\u00e0y \u0111\u01b0\u1ee3c t\u1ea1o ng\u1ecdt t\u1eeb m\u1eadt ong t\u1ef1 nhi\u00ean v\u00e0 tr\u00e1i c\u00e2y kh\u00f4, mang l\u1ea1i v\u1ecb ng\u1ecdt d\u1ecbu, thanh khi\u1ebft ph\u00f9 h\u1ee3p cho ng\u01b0\u1eddi ti\u1ec3u \u0111\u01b0\u1eddng v\u00e0 t\u1eadp gym.<\/p>\n<\/li>\n<\/ul>\n<h3 data-path-to-node=\"10\"><b data-path-to-node=\"10\" data-index-in-node=\"0\">L\u1ee3i \u00edch khi ch\u1ecdn b\u00e1nh quy th\u1ef1c d\u01b0\u1ee1ng c\u1ee7a ch\u00fang t\u00f4i<\/b><\/h3>\n<ul data-path-to-node=\"11\">\n<li>\n<p data-path-to-node=\"11,0,0\"><b data-path-to-node=\"11,0,0\" data-index-in-node=\"0\">H\u1ed7 tr\u1ee3 gi\u1ea3m c\u00e2n:<\/b> Thay th\u1ebf c\u00e1c lo\u1ea1i b\u00e1nh k\u1eb9o c\u00f4ng nghi\u1ec7p b\u1eb1ng <b data-path-to-node=\"11,0,0\" data-index-in-node=\"61\">b\u00e1nh quy<\/b> y\u1ebfn m\u1ea1ch gi\u00fap b\u1ea1n ki\u1ec3m so\u00e1t l\u01b0\u1ee3ng calo n\u1ea1p v\u00e0o hi\u1ec7u qu\u1ea3.<\/p>\n<\/li>\n<li>\n<p data-path-to-node=\"11,1,0\"><b data-path-to-node=\"11,1,0\" data-index-in-node=\"0\">Ti\u1ec7n l\u1ee3i v\u00e0 b\u1ed5 d\u01b0\u1ee1ng:<\/b> H\u1ed9p <b data-path-to-node=\"11,1,0\" data-index-in-node=\"26\">b\u00e1nh quy<\/b> nh\u1ecf g\u1ecdn d\u1ec5 d\u00e0ng mang theo \u0111i l\u00e0m, \u0111i t\u1eadp ho\u1eb7c l\u00e0m qu\u00e0 t\u1eb7ng s\u1ee9c kh\u1ecfe tinh t\u1ebf cho ng\u01b0\u1eddi th\u00e2n.<\/p>\n<\/li>\n<\/ul>\n","protected":false},"excerpt":{"rendered":"<p><span data-path-to-node=\"4,4,1,0\">Th\u01b0\u1edfng th\u1ee9c <b data-path-to-node=\"4,4,1,0\" data-index-in-node=\"12\">b\u00e1nh quy<\/b> y\u1ebfn m\u1ea1ch h\u1ea1nh nh\u00e2n gi\u00f2n r\u1ee5m, gi\u00e0u ch\u1ea5t x\u01a1 v\u00e0 protein. S\u1ef1 l\u1ef1a ch\u1ecdn <b data-path-to-node=\"4,4,1,0\" data-index-in-node=\"87\">b\u00e1nh quy<\/b> th\u1ef1c d\u01b0\u1ee1ng ho\u00e0n h\u1ea3o cho b\u1eefa s\u00e1ng nhanh g\u1ecdn ho\u1eb7c b\u1eefa ph\u1ee5 l\u00e0nh m\u1ea1nh gi\u00fap gi\u1eef d\u00e1ng.<\/span><\/p>\n","protected":false},"featured_media":775,"comment_status":"open","ping_status":"closed","template":"","meta":[],"product_brand":[],"product_cat":[24,26],"product_tag":[],"class_list":{"0":"post-774","1":"product","2":"type-product","3":"status-publish","4":"has-post-thumbnail","6":"product_cat-tieu-duong","7":"product_cat-banh-va-tra","9":"first","10":"instock","11":"shipping-taxable","12":"purchasable","13":"product-type-variable"},"yoast_head":"<!-- This site is optimized with the Yoast SEO plugin v27.1.1 - https:\/\/yoast.com\/product\/yoast-seo-wordpress\/ -->\n<title>B\u00e1nh Quy Y\u1ebfn M\u1ea1ch H\u1ea1nh Nh\u00e2n - Beekeray<\/title>\n<meta name=\"description\" content=\"Shop b\u00e1n b\u00e1nh quy y\u1ebfn m\u1ea1ch h\u1ea1nh nh\u00e2n \u0103n ki\u00eang. B\u00e1nh quy kh\u00f4ng \u0111\u01b0\u1eddng tinh luy\u1ec7n, gi\u00e0u h\u1ea1t dinh d\u01b0\u1ee1ng, gi\u00f2n tan t\u1ef1 nhi\u00ean. \u0110\u1eb7t mua b\u00e1nh quy ngay h\u00f4m nay!\" \/>\n<meta name=\"robots\" content=\"index, follow, max-snippet:-1, max-image-preview:large, max-video-preview:-1\" \/>\n<link rel=\"canonical\" href=\"https:\/\/shopbanh.azdigi.shop\/index.php\/san-pham\/banh-quy-yen-mach-hanh-nhan-healthy\/\" \/>\n<meta property=\"og:locale\" content=\"vi_VN\" \/>\n<meta property=\"og:type\" content=\"article\" \/>\n<meta property=\"og:title\" content=\"B\u00e1nh Quy Y\u1ebfn M\u1ea1ch H\u1ea1nh Nh\u00e2n - Beekeray\" \/>\n<meta property=\"og:description\" content=\"Shop b\u00e1n b\u00e1nh quy y\u1ebfn m\u1ea1ch h\u1ea1nh nh\u00e2n \u0103n ki\u00eang. B\u00e1nh quy kh\u00f4ng \u0111\u01b0\u1eddng tinh luy\u1ec7n, gi\u00e0u h\u1ea1t dinh d\u01b0\u1ee1ng, gi\u00f2n tan t\u1ef1 nhi\u00ean. \u0110\u1eb7t mua b\u00e1nh quy ngay h\u00f4m nay!\" \/>\n<meta property=\"og:url\" content=\"https:\/\/shopbanh.azdigi.shop\/index.php\/san-pham\/banh-quy-yen-mach-hanh-nhan-healthy\/\" \/>\n<meta property=\"og:site_name\" content=\"Beekeray\" \/>\n<meta property=\"article:modified_time\" content=\"2026-04-18T15:12:30+00:00\" \/>\n<meta property=\"og:image\" content=\"https:\/\/shopbanh.azdigi.shop\/wp-content\/uploads\/2026\/04\/download-15.jpg\" \/>\n\t<meta property=\"og:image:width\" content=\"736\" \/>\n\t<meta property=\"og:image:height\" content=\"1103\" \/>\n\t<meta property=\"og:image:type\" content=\"image\/jpeg\" \/>\n<meta name=\"twitter:card\" content=\"summary_large_image\" \/>\n<meta name=\"twitter:label1\" content=\"\u01af\u1edbc t\u00ednh th\u1eddi gian \u0111\u1ecdc\" \/>\n\t<meta name=\"twitter:data1\" content=\"2 ph\u00fat\" \/>\n<script type=\"application\/ld+json\" class=\"yoast-schema-graph\">{\"@context\":\"https:\/\/schema.org\",\"@graph\":[{\"@type\":\"WebPage\",\"@id\":\"https:\/\/shopbanh.azdigi.shop\/index.php\/san-pham\/banh-quy-yen-mach-hanh-nhan-healthy\/\",\"url\":\"https:\/\/shopbanh.azdigi.shop\/index.php\/san-pham\/banh-quy-yen-mach-hanh-nhan-healthy\/\",\"name\":\"B\u00e1nh Quy Y\u1ebfn M\u1ea1ch H\u1ea1nh Nh\u00e2n - Beekeray\",\"isPartOf\":{\"@id\":\"https:\/\/shopbanh.azdigi.shop\/#website\"},\"primaryImageOfPage\":{\"@id\":\"https:\/\/shopbanh.azdigi.shop\/index.php\/san-pham\/banh-quy-yen-mach-hanh-nhan-healthy\/#primaryimage\"},\"image\":{\"@id\":\"https:\/\/shopbanh.azdigi.shop\/index.php\/san-pham\/banh-quy-yen-mach-hanh-nhan-healthy\/#primaryimage\"},\"thumbnailUrl\":\"https:\/\/shopbanh.azdigi.shop\/wp-content\/uploads\/2026\/04\/download-15.jpg\",\"datePublished\":\"2026-04-18T15:06:45+00:00\",\"dateModified\":\"2026-04-18T15:12:30+00:00\",\"description\":\"Shop b\u00e1n b\u00e1nh quy y\u1ebfn m\u1ea1ch h\u1ea1nh nh\u00e2n \u0103n ki\u00eang. B\u00e1nh quy kh\u00f4ng \u0111\u01b0\u1eddng tinh luy\u1ec7n, gi\u00e0u h\u1ea1t dinh d\u01b0\u1ee1ng, gi\u00f2n tan t\u1ef1 nhi\u00ean. \u0110\u1eb7t mua b\u00e1nh quy ngay h\u00f4m nay!\",\"breadcrumb\":{\"@id\":\"https:\/\/shopbanh.azdigi.shop\/index.php\/san-pham\/banh-quy-yen-mach-hanh-nhan-healthy\/#breadcrumb\"},\"inLanguage\":\"vi\",\"potentialAction\":[{\"@type\":\"ReadAction\",\"target\":[\"https:\/\/shopbanh.azdigi.shop\/index.php\/san-pham\/banh-quy-yen-mach-hanh-nhan-healthy\/\"]}]},{\"@type\":\"ImageObject\",\"inLanguage\":\"vi\",\"@id\":\"https:\/\/shopbanh.azdigi.shop\/index.php\/san-pham\/banh-quy-yen-mach-hanh-nhan-healthy\/#primaryimage\",\"url\":\"https:\/\/shopbanh.azdigi.shop\/wp-content\/uploads\/2026\/04\/download-15.jpg\",\"contentUrl\":\"https:\/\/shopbanh.azdigi.shop\/wp-content\/uploads\/2026\/04\/download-15.jpg\",\"width\":736,\"height\":1103},{\"@type\":\"BreadcrumbList\",\"@id\":\"https:\/\/shopbanh.azdigi.shop\/index.php\/san-pham\/banh-quy-yen-mach-hanh-nhan-healthy\/#breadcrumb\",\"itemListElement\":[{\"@type\":\"ListItem\",\"position\":1,\"name\":\"Home\",\"item\":\"https:\/\/shopbanh.azdigi.shop\/\"},{\"@type\":\"ListItem\",\"position\":2,\"name\":\"C\u1eeda h\u00e0ng\",\"item\":\"https:\/\/shopbanh.azdigi.shop\/index.php\/cua-hang\/\"},{\"@type\":\"ListItem\",\"position\":3,\"name\":\"B\u00e1nh Quy Y\u1ebfn M\u1ea1ch H\u1ea1nh Nh\u00e2n\"}]},{\"@type\":\"WebSite\",\"@id\":\"https:\/\/shopbanh.azdigi.shop\/#website\",\"url\":\"https:\/\/shopbanh.azdigi.shop\/\",\"name\":\"Beekeray\",\"description\":\"\",\"publisher\":{\"@id\":\"https:\/\/shopbanh.azdigi.shop\/#\/schema\/person\/8cb6f523c7260b11946ab8fec433d460\"},\"potentialAction\":[{\"@type\":\"SearchAction\",\"target\":{\"@type\":\"EntryPoint\",\"urlTemplate\":\"https:\/\/shopbanh.azdigi.shop\/?s={search_term_string}\"},\"query-input\":{\"@type\":\"PropertyValueSpecification\",\"valueRequired\":true,\"valueName\":\"search_term_string\"}}],\"inLanguage\":\"vi\"},{\"@type\":[\"Person\",\"Organization\"],\"@id\":\"https:\/\/shopbanh.azdigi.shop\/#\/schema\/person\/8cb6f523c7260b11946ab8fec433d460\",\"name\":\"phuoc thanh\",\"image\":{\"@type\":\"ImageObject\",\"inLanguage\":\"vi\",\"@id\":\"https:\/\/shopbanh.azdigi.shop\/#\/schema\/person\/image\/\",\"url\":\"https:\/\/shopbanh.azdigi.shop\/wp-content\/uploads\/2026\/01\/ong-ban-banh-xp.png\",\"contentUrl\":\"https:\/\/shopbanh.azdigi.shop\/wp-content\/uploads\/2026\/01\/ong-ban-banh-xp.png\",\"width\":290,\"height\":290,\"caption\":\"phuoc thanh\"},\"logo\":{\"@id\":\"https:\/\/shopbanh.azdigi.shop\/#\/schema\/person\/image\/\"},\"sameAs\":[\"https:\/\/shopbanh.azdigi.shop\"]}]}<\/script>\n<!-- \/ Yoast SEO plugin. -->","yoast_head_json":{"title":"B\u00e1nh Quy Y\u1ebfn M\u1ea1ch H\u1ea1nh Nh\u00e2n - Beekeray","description":"Shop b\u00e1n b\u00e1nh quy y\u1ebfn m\u1ea1ch h\u1ea1nh nh\u00e2n \u0103n ki\u00eang. B\u00e1nh quy kh\u00f4ng \u0111\u01b0\u1eddng tinh luy\u1ec7n, gi\u00e0u h\u1ea1t dinh d\u01b0\u1ee1ng, gi\u00f2n tan t\u1ef1 nhi\u00ean. \u0110\u1eb7t mua b\u00e1nh quy ngay h\u00f4m nay!","robots":{"index":"index","follow":"follow","max-snippet":"max-snippet:-1","max-image-preview":"max-image-preview:large","max-video-preview":"max-video-preview:-1"},"canonical":"https:\/\/shopbanh.azdigi.shop\/index.php\/san-pham\/banh-quy-yen-mach-hanh-nhan-healthy\/","og_locale":"vi_VN","og_type":"article","og_title":"B\u00e1nh Quy Y\u1ebfn M\u1ea1ch H\u1ea1nh Nh\u00e2n - Beekeray","og_description":"Shop b\u00e1n b\u00e1nh quy y\u1ebfn m\u1ea1ch h\u1ea1nh nh\u00e2n \u0103n ki\u00eang. B\u00e1nh quy kh\u00f4ng \u0111\u01b0\u1eddng tinh luy\u1ec7n, gi\u00e0u h\u1ea1t dinh d\u01b0\u1ee1ng, gi\u00f2n tan t\u1ef1 nhi\u00ean. \u0110\u1eb7t mua b\u00e1nh quy ngay h\u00f4m nay!","og_url":"https:\/\/shopbanh.azdigi.shop\/index.php\/san-pham\/banh-quy-yen-mach-hanh-nhan-healthy\/","og_site_name":"Beekeray","article_modified_time":"2026-04-18T15:12:30+00:00","og_image":[{"width":736,"height":1103,"url":"https:\/\/shopbanh.azdigi.shop\/wp-content\/uploads\/2026\/04\/download-15.jpg","type":"image\/jpeg"}],"twitter_card":"summary_large_image","twitter_misc":{"\u01af\u1edbc t\u00ednh th\u1eddi gian \u0111\u1ecdc":"2 ph\u00fat"},"schema":{"@context":"https:\/\/schema.org","@graph":[{"@type":"WebPage","@id":"https:\/\/shopbanh.azdigi.shop\/index.php\/san-pham\/banh-quy-yen-mach-hanh-nhan-healthy\/","url":"https:\/\/shopbanh.azdigi.shop\/index.php\/san-pham\/banh-quy-yen-mach-hanh-nhan-healthy\/","name":"B\u00e1nh Quy Y\u1ebfn M\u1ea1ch H\u1ea1nh Nh\u00e2n - Beekeray","isPartOf":{"@id":"https:\/\/shopbanh.azdigi.shop\/#website"},"primaryImageOfPage":{"@id":"https:\/\/shopbanh.azdigi.shop\/index.php\/san-pham\/banh-quy-yen-mach-hanh-nhan-healthy\/#primaryimage"},"image":{"@id":"https:\/\/shopbanh.azdigi.shop\/index.php\/san-pham\/banh-quy-yen-mach-hanh-nhan-healthy\/#primaryimage"},"thumbnailUrl":"https:\/\/shopbanh.azdigi.shop\/wp-content\/uploads\/2026\/04\/download-15.jpg","datePublished":"2026-04-18T15:06:45+00:00","dateModified":"2026-04-18T15:12:30+00:00","description":"Shop b\u00e1n b\u00e1nh quy y\u1ebfn m\u1ea1ch h\u1ea1nh nh\u00e2n \u0103n ki\u00eang. B\u00e1nh quy kh\u00f4ng \u0111\u01b0\u1eddng tinh luy\u1ec7n, gi\u00e0u h\u1ea1t dinh d\u01b0\u1ee1ng, gi\u00f2n tan t\u1ef1 nhi\u00ean. \u0110\u1eb7t mua b\u00e1nh quy ngay h\u00f4m nay!","breadcrumb":{"@id":"https:\/\/shopbanh.azdigi.shop\/index.php\/san-pham\/banh-quy-yen-mach-hanh-nhan-healthy\/#breadcrumb"},"inLanguage":"vi","potentialAction":[{"@type":"ReadAction","target":["https:\/\/shopbanh.azdigi.shop\/index.php\/san-pham\/banh-quy-yen-mach-hanh-nhan-healthy\/"]}]},{"@type":"ImageObject","inLanguage":"vi","@id":"https:\/\/shopbanh.azdigi.shop\/index.php\/san-pham\/banh-quy-yen-mach-hanh-nhan-healthy\/#primaryimage","url":"https:\/\/shopbanh.azdigi.shop\/wp-content\/uploads\/2026\/04\/download-15.jpg","contentUrl":"https:\/\/shopbanh.azdigi.shop\/wp-content\/uploads\/2026\/04\/download-15.jpg","width":736,"height":1103},{"@type":"BreadcrumbList","@id":"https:\/\/shopbanh.azdigi.shop\/index.php\/san-pham\/banh-quy-yen-mach-hanh-nhan-healthy\/#breadcrumb","itemListElement":[{"@type":"ListItem","position":1,"name":"Home","item":"https:\/\/shopbanh.azdigi.shop\/"},{"@type":"ListItem","position":2,"name":"C\u1eeda h\u00e0ng","item":"https:\/\/shopbanh.azdigi.shop\/index.php\/cua-hang\/"},{"@type":"ListItem","position":3,"name":"B\u00e1nh Quy Y\u1ebfn M\u1ea1ch H\u1ea1nh Nh\u00e2n"}]},{"@type":"WebSite","@id":"https:\/\/shopbanh.azdigi.shop\/#website","url":"https:\/\/shopbanh.azdigi.shop\/","name":"Beekeray","description":"","publisher":{"@id":"https:\/\/shopbanh.azdigi.shop\/#\/schema\/person\/8cb6f523c7260b11946ab8fec433d460"},"potentialAction":[{"@type":"SearchAction","target":{"@type":"EntryPoint","urlTemplate":"https:\/\/shopbanh.azdigi.shop\/?s={search_term_string}"},"query-input":{"@type":"PropertyValueSpecification","valueRequired":true,"valueName":"search_term_string"}}],"inLanguage":"vi"},{"@type":["Person","Organization"],"@id":"https:\/\/shopbanh.azdigi.shop\/#\/schema\/person\/8cb6f523c7260b11946ab8fec433d460","name":"phuoc thanh","image":{"@type":"ImageObject","inLanguage":"vi","@id":"https:\/\/shopbanh.azdigi.shop\/#\/schema\/person\/image\/","url":"https:\/\/shopbanh.azdigi.shop\/wp-content\/uploads\/2026\/01\/ong-ban-banh-xp.png","contentUrl":"https:\/\/shopbanh.azdigi.shop\/wp-content\/uploads\/2026\/01\/ong-ban-banh-xp.png","width":290,"height":290,"caption":"phuoc thanh"},"logo":{"@id":"https:\/\/shopbanh.azdigi.shop\/#\/schema\/person\/image\/"},"sameAs":["https:\/\/shopbanh.azdigi.shop"]}]}},"_links":{"self":[{"href":"https:\/\/shopbanh.azdigi.shop\/index.php\/wp-json\/wp\/v2\/product\/774","targetHints":{"allow":["GET"]}}],"collection":[{"href":"https:\/\/shopbanh.azdigi.shop\/index.php\/wp-json\/wp\/v2\/product"}],"about":[{"href":"https:\/\/shopbanh.azdigi.shop\/index.php\/wp-json\/wp\/v2\/types\/product"}],"replies":[{"embeddable":true,"href":"https:\/\/shopbanh.azdigi.shop\/index.php\/wp-json\/wp\/v2\/comments?post=774"}],"wp:featuredmedia":[{"embeddable":true,"href":"https:\/\/shopbanh.azdigi.shop\/index.php\/wp-json\/wp\/v2\/media\/775"}],"wp:attachment":[{"href":"https:\/\/shopbanh.azdigi.shop\/index.php\/wp-json\/wp\/v2\/media?parent=774"}],"wp:term":[{"taxonomy":"product_brand","embeddable":true,"href":"https:\/\/shopbanh.azdigi.shop\/index.php\/wp-json\/wp\/v2\/product_brand?post=774"},{"taxonomy":"product_cat","embeddable":true,"href":"https:\/\/shopbanh.azdigi.shop\/index.php\/wp-json\/wp\/v2\/product_cat?post=774"},{"taxonomy":"product_tag","embeddable":true,"href":"https:\/\/shopbanh.azdigi.shop\/index.php\/wp-json\/wp\/v2\/product_tag?post=774"}],"curies":[{"name":"wp","href":"https:\/\/api.w.org\/{rel}","templated":true}]}}