{"id":642,"date":"2026-04-16T16:46:14","date_gmt":"2026-04-16T16:46:14","guid":{"rendered":"https:\/\/shopbanh.azdigi.shop\/?post_type=product&#038;p=642"},"modified":"2026-04-16T16:52:41","modified_gmt":"2026-04-16T16:52:41","slug":"banh-gato-mat-ong-duong-la-han-qua-healthy","status":"publish","type":"product","link":"https:\/\/shopbanh.azdigi.shop\/index.php\/san-pham\/banh-gato-mat-ong-duong-la-han-qua-healthy\/","title":{"rendered":"B\u00e1nh Gato M\u1eadt Ong \u0110\u01b0\u1eddng La H\u00e1n Qu\u1ea3"},"content":{"rendered":"<h2 data-path-to-node=\"6\"><b data-path-to-node=\"6\" data-index-in-node=\"0\">B\u00e1nh gato m\u1eadt ong \u0111\u01b0\u1eddng la h\u00e1n qu\u1ea3 \u2013 V\u1ecb ng\u1ecdt thanh khi\u1ebft t\u1eeb thi\u00ean nhi\u00ean<\/b><\/h2>\n<p data-path-to-node=\"7\">N\u1ebfu b\u1ea1n \u0111ang t\u00ecm ki\u1ebfm m\u1ed9t chi\u1ebfc <b data-path-to-node=\"7\" data-index-in-node=\"32\">b\u00e1nh gato<\/b> v\u1eeba gi\u1eef \u0111\u01b0\u1ee3c \u0111\u1ed9 b\u00f4ng x\u1ed1p truy\u1ec1n th\u1ed1ng, v\u1eeba an to\u00e0n cho c\u00e2n n\u1eb7ng v\u00e0 s\u1ee9c kh\u1ecfe, th\u00ec \u0111\u00e2y ch\u00ednh l\u00e0 &#8220;c\u1ee9u c\u00e1nh&#8221; ho\u00e0n h\u1ea3o. S\u1ef1 k\u1ebft h\u1ee3p gi\u1eefa m\u1eadt ong nguy\u00ean ch\u1ea5t v\u00e0 \u0111\u01b0\u1eddng la h\u00e1n qu\u1ea3 t\u1ea1o n\u00ean m\u1ed9t c\u00f4ng th\u1ee9c <b data-path-to-node=\"7\" data-index-in-node=\"235\">b\u00e1nh gato<\/b> \u0111\u1eb7c bi\u1ec7t: Ng\u1ecdt nh\u01b0ng kh\u00f4ng b\u00e9o, th\u01a1m nh\u01b0ng kh\u00f4ng ng\u1ea5y.<\/p>\n<h3 data-path-to-node=\"8\"><b data-path-to-node=\"8\" data-index-in-node=\"0\">T\u1ea1i sao b\u00e1nh gato m\u1eadt ong \u0111\u01b0\u1eddng la h\u00e1n qu\u1ea3 c\u1ee7a ch\u00fang t\u00f4i l\u1ea1i \u0111\u01b0\u1ee3c y\u00eau th\u00edch?<\/b><\/h3>\n<ul data-path-to-node=\"9\">\n<li>\n<p data-path-to-node=\"9,0,0\"><b data-path-to-node=\"9,0,0\" data-index-in-node=\"0\">\u0110\u01b0\u1eddng la h\u00e1n qu\u1ea3 (Monk Fruit):<\/b> \u0110\u00e2y l\u00e0 lo\u1ea1i \u0111\u01b0\u1eddng \u0103n ki\u00eang t\u1ef1 nhi\u00ean c\u00f3 ch\u1ec9 s\u1ed1 GI b\u1eb1ng 0, kh\u00f4ng ch\u1ee9a calo v\u00e0 kh\u00f4ng l\u00e0m t\u0103ng l\u01b0\u1ee3ng \u0111\u01b0\u1eddng trong m\u00e1u. N\u00f3 gi\u00fap chi\u1ebfc <b data-path-to-node=\"9,0,0\" data-index-in-node=\"159\">b\u00e1nh gato<\/b> gi\u1eef \u0111\u01b0\u1ee3c v\u1ecb ng\u1ecdt t\u1ef1 nhi\u00ean m\u00e0 v\u1eabn c\u1ef1c k\u1ef3 th\u00e2n thi\u1ec7n v\u1edbi ng\u01b0\u1eddi b\u1ecb ti\u1ec3u \u0111\u01b0\u1eddng hay \u0111ang gi\u1ea3m c\u00e2n.<\/p>\n<\/li>\n<li>\n<p data-path-to-node=\"9,1,0\"><b data-path-to-node=\"9,1,0\" data-index-in-node=\"0\">M\u1eadt ong r\u1eebng nguy\u00ean ch\u1ea5t:<\/b> Thay v\u00ec d\u00f9ng h\u01b0\u01a1ng li\u1ec7u, ch\u00fang t\u00f4i s\u1eed d\u1ee5ng m\u1eadt ong th\u1eadt \u0111\u1ec3 t\u1ea1o m\u00f9i th\u01a1m n\u1ed3ng n\u00e0n v\u00e0 \u0111\u1ed9 \u1ea9m t\u1ef1 nhi\u00ean cho c\u1ed1t <b data-path-to-node=\"9,1,0\" data-index-in-node=\"133\">b\u00e1nh gato<\/b>. M\u1eadt ong c\u0169ng gi\u00fap t\u0103ng c\u01b0\u1eddng h\u1ec7 mi\u1ec5n d\u1ecbch v\u00e0 cung c\u1ea5p n\u0103ng l\u01b0\u1ee3ng s\u1ea1ch cho c\u01a1 th\u1ec3.<\/p>\n<\/li>\n<li>\n<p data-path-to-node=\"9,2,0\"><b data-path-to-node=\"9,2,0\" data-index-in-node=\"0\">C\u1ed1t b\u00e1nh Chiffon si\u00eau m\u1ec1m:<\/b> Nh\u1edd k\u1ef9 thu\u1eadt \u0111\u00e1nh tr\u1ee9ng th\u1ee7 c\u00f4ng, m\u1ed7i l\u00e1t <b data-path-to-node=\"9,2,0\" data-index-in-node=\"69\">b\u00e1nh gato<\/b> \u0111\u1ec1u c\u00f3 \u0111\u1ed9 \u0111\u00e0n h\u1ed3i tuy\u1ec7t v\u1eddi, x\u1ed1p nh\u1eb9 v\u00e0 tan ngay trong mi\u1ec7ng, kh\u00f4ng g\u00e2y c\u1ea3m gi\u00e1c kh\u00f4 ngh\u1eb9n.<\/p>\n<\/li>\n<\/ul>\n<h3 data-path-to-node=\"10\"><b data-path-to-node=\"10\" data-index-in-node=\"0\">Gi\u00e1 tr\u1ecb dinh d\u01b0\u1ee1ng trong m\u1ed7i l\u00e1t b\u00e1nh gato healthy<\/b><\/h3>\n<ul data-path-to-node=\"11\">\n<li>\n<p data-path-to-node=\"11,0,0\"><b data-path-to-node=\"11,0,0\" data-index-in-node=\"0\">\u00cdt Calo:<\/b> Gi\u1ea3m h\u01a1n 50% l\u01b0\u1ee3ng calo so v\u1edbi <b data-path-to-node=\"11,0,0\" data-index-in-node=\"40\">b\u00e1nh gato<\/b> th\u00f4ng th\u01b0\u1eddng s\u1eed d\u1ee5ng \u0111\u01b0\u1eddng tr\u1eafng.<\/p>\n<\/li>\n<li>\n<p data-path-to-node=\"11,1,0\"><b data-path-to-node=\"11,1,0\" data-index-in-node=\"0\">Gi\u00e0u ch\u1ea5t ch\u1ed1ng oxy h\u00f3a:<\/b> M\u1eadt ong v\u00e0 la h\u00e1n qu\u1ea3 l\u00e0 nh\u1eefng ngu\u1ed3n cung c\u1ea5p c\u00e1c h\u1ee3p ch\u1ea5t ch\u1ed1ng oxy h\u00f3a qu\u00fd gi\u00e1.<\/p>\n<\/li>\n<li>\n<p data-path-to-node=\"11,2,0\"><b data-path-to-node=\"11,2,0\" data-index-in-node=\"0\">100% Nguy\u00ean li\u1ec7u s\u1ea1ch:<\/b> Kh\u00f4ng ch\u1ea5t b\u1ea3o qu\u1ea3n, kh\u00f4ng ph\u1ea9m m\u00e0u, an to\u00e0n tuy\u1ec7t \u0111\u1ed1i cho c\u1ea3 tr\u1ebb em v\u00e0 ng\u01b0\u1eddi l\u1edbn tu\u1ed5i.<\/p>\n<\/li>\n<\/ul>\n<p>Xen th\u00eam <a href=\"https:\/\/shopbanh.azdigi.shop\/index.php\/san-pham\/banh-gato-cuon-kem-tuoi-nhat-ban\/\">t\u1ea1i \u0111\u00e2y!<\/a><\/p>\n","protected":false},"excerpt":{"rendered":"<p>Th\u01b0\u1edfng th\u1ee9c <b data-path-to-node=\"4,4,1,0\" data-index-in-node=\"12\">b\u00e1nh gato<\/b> m\u1eadt ong \u0111\u01b0\u1ee3c l\u00e0m t\u1eeb \u0111\u01b0\u1eddng la h\u00e1n qu\u1ea3 t\u1ef1 nhi\u00ean. C\u1ed1t b\u00e1nh m\u1ec1m m\u1ecbn nh\u01b0 m\u00e2y, th\u01a1m n\u1ed3ng n\u00e0n v\u1ecb m\u1eadt r\u1eebng, ho\u00e0n h\u1ea3o cho ng\u01b0\u1eddi \u0103n ki\u00eang, ti\u1ec3u \u0111\u01b0\u1eddng ho\u1eb7c quan t\u00e2m \u0111\u1ebfn s\u1ee9c kh\u1ecfe.<\/p>\n","protected":false},"featured_media":463,"comment_status":"open","ping_status":"closed","template":"","meta":[],"product_brand":[],"product_cat":[24],"product_tag":[],"class_list":{"0":"post-642","1":"product","2":"type-product","3":"status-publish","4":"has-post-thumbnail","6":"product_cat-tieu-duong","8":"first","9":"instock","10":"sale","11":"shipping-taxable","12":"purchasable","13":"product-type-variable"},"yoast_head":"<!-- This site is optimized with the Yoast SEO plugin v27.1.1 - https:\/\/yoast.com\/product\/yoast-seo-wordpress\/ -->\n<title>B\u00e1nh Gato M\u1eadt Ong \u0110\u01b0\u1eddng La H\u00e1n Qu\u1ea3 - Beekeray<\/title>\n<meta name=\"description\" content=\"\u00e1nh gato low-carb, v\u1ecb ng\u1ecdt thanh t\u1ef1 nhi\u00ean, kh\u00f4ng g\u00e2y t\u0103ng \u0111\u01b0\u1eddng huy\u1ebft. \u0110\u1eb7t mua ngay!\" \/>\n<meta name=\"robots\" content=\"index, follow, max-snippet:-1, max-image-preview:large, max-video-preview:-1\" \/>\n<link rel=\"canonical\" href=\"https:\/\/shopbanh.azdigi.shop\/index.php\/san-pham\/banh-gato-mat-ong-duong-la-han-qua-healthy\/\" \/>\n<meta property=\"og:locale\" content=\"vi_VN\" \/>\n<meta property=\"og:type\" content=\"article\" \/>\n<meta property=\"og:title\" content=\"B\u00e1nh Gato M\u1eadt Ong \u0110\u01b0\u1eddng La H\u00e1n Qu\u1ea3 - Beekeray\" \/>\n<meta property=\"og:description\" content=\"\u00e1nh gato low-carb, v\u1ecb ng\u1ecdt thanh t\u1ef1 nhi\u00ean, kh\u00f4ng g\u00e2y t\u0103ng \u0111\u01b0\u1eddng huy\u1ebft. \u0110\u1eb7t mua ngay!\" \/>\n<meta property=\"og:url\" content=\"https:\/\/shopbanh.azdigi.shop\/index.php\/san-pham\/banh-gato-mat-ong-duong-la-han-qua-healthy\/\" \/>\n<meta property=\"og:site_name\" content=\"Beekeray\" \/>\n<meta property=\"article:modified_time\" content=\"2026-04-16T16:52:41+00:00\" \/>\n<meta property=\"og:image\" content=\"https:\/\/shopbanh.azdigi.shop\/wp-content\/uploads\/2026\/04\/Gemini_Generated_Image_aqmd64aqmd64aqmd-1024x1022.png\" \/>\n\t<meta property=\"og:image:width\" content=\"1024\" \/>\n\t<meta property=\"og:image:height\" content=\"1022\" \/>\n\t<meta property=\"og:image:type\" content=\"image\/png\" \/>\n<meta name=\"twitter:card\" content=\"summary_large_image\" \/>\n<meta name=\"twitter:label1\" content=\"\u01af\u1edbc t\u00ednh th\u1eddi gian \u0111\u1ecdc\" \/>\n\t<meta name=\"twitter:data1\" content=\"2 ph\u00fat\" \/>\n<script type=\"application\/ld+json\" class=\"yoast-schema-graph\">{\"@context\":\"https:\/\/schema.org\",\"@graph\":[{\"@type\":\"WebPage\",\"@id\":\"https:\/\/shopbanh.azdigi.shop\/index.php\/san-pham\/banh-gato-mat-ong-duong-la-han-qua-healthy\/\",\"url\":\"https:\/\/shopbanh.azdigi.shop\/index.php\/san-pham\/banh-gato-mat-ong-duong-la-han-qua-healthy\/\",\"name\":\"B\u00e1nh Gato M\u1eadt Ong \u0110\u01b0\u1eddng La H\u00e1n Qu\u1ea3 - Beekeray\",\"isPartOf\":{\"@id\":\"https:\/\/shopbanh.azdigi.shop\/#website\"},\"primaryImageOfPage\":{\"@id\":\"https:\/\/shopbanh.azdigi.shop\/index.php\/san-pham\/banh-gato-mat-ong-duong-la-han-qua-healthy\/#primaryimage\"},\"image\":{\"@id\":\"https:\/\/shopbanh.azdigi.shop\/index.php\/san-pham\/banh-gato-mat-ong-duong-la-han-qua-healthy\/#primaryimage\"},\"thumbnailUrl\":\"https:\/\/shopbanh.azdigi.shop\/wp-content\/uploads\/2026\/04\/Gemini_Generated_Image_aqmd64aqmd64aqmd.png\",\"datePublished\":\"2026-04-16T16:46:14+00:00\",\"dateModified\":\"2026-04-16T16:52:41+00:00\",\"description\":\"\u00e1nh gato low-carb, v\u1ecb ng\u1ecdt thanh t\u1ef1 nhi\u00ean, kh\u00f4ng g\u00e2y t\u0103ng \u0111\u01b0\u1eddng huy\u1ebft. \u0110\u1eb7t mua ngay!\",\"breadcrumb\":{\"@id\":\"https:\/\/shopbanh.azdigi.shop\/index.php\/san-pham\/banh-gato-mat-ong-duong-la-han-qua-healthy\/#breadcrumb\"},\"inLanguage\":\"vi\",\"potentialAction\":[{\"@type\":\"ReadAction\",\"target\":[\"https:\/\/shopbanh.azdigi.shop\/index.php\/san-pham\/banh-gato-mat-ong-duong-la-han-qua-healthy\/\"]}]},{\"@type\":\"ImageObject\",\"inLanguage\":\"vi\",\"@id\":\"https:\/\/shopbanh.azdigi.shop\/index.php\/san-pham\/banh-gato-mat-ong-duong-la-han-qua-healthy\/#primaryimage\",\"url\":\"https:\/\/shopbanh.azdigi.shop\/wp-content\/uploads\/2026\/04\/Gemini_Generated_Image_aqmd64aqmd64aqmd.png\",\"contentUrl\":\"https:\/\/shopbanh.azdigi.shop\/wp-content\/uploads\/2026\/04\/Gemini_Generated_Image_aqmd64aqmd64aqmd.png\",\"width\":2052,\"height\":2048},{\"@type\":\"BreadcrumbList\",\"@id\":\"https:\/\/shopbanh.azdigi.shop\/index.php\/san-pham\/banh-gato-mat-ong-duong-la-han-qua-healthy\/#breadcrumb\",\"itemListElement\":[{\"@type\":\"ListItem\",\"position\":1,\"name\":\"Home\",\"item\":\"https:\/\/shopbanh.azdigi.shop\/\"},{\"@type\":\"ListItem\",\"position\":2,\"name\":\"C\u1eeda h\u00e0ng\",\"item\":\"https:\/\/shopbanh.azdigi.shop\/index.php\/cua-hang\/\"},{\"@type\":\"ListItem\",\"position\":3,\"name\":\"B\u00e1nh Gato M\u1eadt Ong \u0110\u01b0\u1eddng La H\u00e1n Qu\u1ea3\"}]},{\"@type\":\"WebSite\",\"@id\":\"https:\/\/shopbanh.azdigi.shop\/#website\",\"url\":\"https:\/\/shopbanh.azdigi.shop\/\",\"name\":\"Beekeray\",\"description\":\"\",\"publisher\":{\"@id\":\"https:\/\/shopbanh.azdigi.shop\/#\/schema\/person\/8cb6f523c7260b11946ab8fec433d460\"},\"potentialAction\":[{\"@type\":\"SearchAction\",\"target\":{\"@type\":\"EntryPoint\",\"urlTemplate\":\"https:\/\/shopbanh.azdigi.shop\/?s={search_term_string}\"},\"query-input\":{\"@type\":\"PropertyValueSpecification\",\"valueRequired\":true,\"valueName\":\"search_term_string\"}}],\"inLanguage\":\"vi\"},{\"@type\":[\"Person\",\"Organization\"],\"@id\":\"https:\/\/shopbanh.azdigi.shop\/#\/schema\/person\/8cb6f523c7260b11946ab8fec433d460\",\"name\":\"phuoc thanh\",\"image\":{\"@type\":\"ImageObject\",\"inLanguage\":\"vi\",\"@id\":\"https:\/\/shopbanh.azdigi.shop\/#\/schema\/person\/image\/\",\"url\":\"https:\/\/shopbanh.azdigi.shop\/wp-content\/uploads\/2026\/01\/ong-ban-banh-xp.png\",\"contentUrl\":\"https:\/\/shopbanh.azdigi.shop\/wp-content\/uploads\/2026\/01\/ong-ban-banh-xp.png\",\"width\":290,\"height\":290,\"caption\":\"phuoc thanh\"},\"logo\":{\"@id\":\"https:\/\/shopbanh.azdigi.shop\/#\/schema\/person\/image\/\"},\"sameAs\":[\"https:\/\/shopbanh.azdigi.shop\"]}]}<\/script>\n<!-- \/ Yoast SEO plugin. -->","yoast_head_json":{"title":"B\u00e1nh Gato M\u1eadt Ong \u0110\u01b0\u1eddng La H\u00e1n Qu\u1ea3 - Beekeray","description":"\u00e1nh gato low-carb, v\u1ecb ng\u1ecdt thanh t\u1ef1 nhi\u00ean, kh\u00f4ng g\u00e2y t\u0103ng \u0111\u01b0\u1eddng huy\u1ebft. \u0110\u1eb7t mua ngay!","robots":{"index":"index","follow":"follow","max-snippet":"max-snippet:-1","max-image-preview":"max-image-preview:large","max-video-preview":"max-video-preview:-1"},"canonical":"https:\/\/shopbanh.azdigi.shop\/index.php\/san-pham\/banh-gato-mat-ong-duong-la-han-qua-healthy\/","og_locale":"vi_VN","og_type":"article","og_title":"B\u00e1nh Gato M\u1eadt Ong \u0110\u01b0\u1eddng La H\u00e1n Qu\u1ea3 - Beekeray","og_description":"\u00e1nh gato low-carb, v\u1ecb ng\u1ecdt thanh t\u1ef1 nhi\u00ean, kh\u00f4ng g\u00e2y t\u0103ng \u0111\u01b0\u1eddng huy\u1ebft. \u0110\u1eb7t mua ngay!","og_url":"https:\/\/shopbanh.azdigi.shop\/index.php\/san-pham\/banh-gato-mat-ong-duong-la-han-qua-healthy\/","og_site_name":"Beekeray","article_modified_time":"2026-04-16T16:52:41+00:00","og_image":[{"width":1024,"height":1022,"url":"https:\/\/shopbanh.azdigi.shop\/wp-content\/uploads\/2026\/04\/Gemini_Generated_Image_aqmd64aqmd64aqmd-1024x1022.png","type":"image\/png"}],"twitter_card":"summary_large_image","twitter_misc":{"\u01af\u1edbc t\u00ednh th\u1eddi gian \u0111\u1ecdc":"2 ph\u00fat"},"schema":{"@context":"https:\/\/schema.org","@graph":[{"@type":"WebPage","@id":"https:\/\/shopbanh.azdigi.shop\/index.php\/san-pham\/banh-gato-mat-ong-duong-la-han-qua-healthy\/","url":"https:\/\/shopbanh.azdigi.shop\/index.php\/san-pham\/banh-gato-mat-ong-duong-la-han-qua-healthy\/","name":"B\u00e1nh Gato M\u1eadt Ong \u0110\u01b0\u1eddng La H\u00e1n Qu\u1ea3 - Beekeray","isPartOf":{"@id":"https:\/\/shopbanh.azdigi.shop\/#website"},"primaryImageOfPage":{"@id":"https:\/\/shopbanh.azdigi.shop\/index.php\/san-pham\/banh-gato-mat-ong-duong-la-han-qua-healthy\/#primaryimage"},"image":{"@id":"https:\/\/shopbanh.azdigi.shop\/index.php\/san-pham\/banh-gato-mat-ong-duong-la-han-qua-healthy\/#primaryimage"},"thumbnailUrl":"https:\/\/shopbanh.azdigi.shop\/wp-content\/uploads\/2026\/04\/Gemini_Generated_Image_aqmd64aqmd64aqmd.png","datePublished":"2026-04-16T16:46:14+00:00","dateModified":"2026-04-16T16:52:41+00:00","description":"\u00e1nh gato low-carb, v\u1ecb ng\u1ecdt thanh t\u1ef1 nhi\u00ean, kh\u00f4ng g\u00e2y t\u0103ng \u0111\u01b0\u1eddng huy\u1ebft. \u0110\u1eb7t mua ngay!","breadcrumb":{"@id":"https:\/\/shopbanh.azdigi.shop\/index.php\/san-pham\/banh-gato-mat-ong-duong-la-han-qua-healthy\/#breadcrumb"},"inLanguage":"vi","potentialAction":[{"@type":"ReadAction","target":["https:\/\/shopbanh.azdigi.shop\/index.php\/san-pham\/banh-gato-mat-ong-duong-la-han-qua-healthy\/"]}]},{"@type":"ImageObject","inLanguage":"vi","@id":"https:\/\/shopbanh.azdigi.shop\/index.php\/san-pham\/banh-gato-mat-ong-duong-la-han-qua-healthy\/#primaryimage","url":"https:\/\/shopbanh.azdigi.shop\/wp-content\/uploads\/2026\/04\/Gemini_Generated_Image_aqmd64aqmd64aqmd.png","contentUrl":"https:\/\/shopbanh.azdigi.shop\/wp-content\/uploads\/2026\/04\/Gemini_Generated_Image_aqmd64aqmd64aqmd.png","width":2052,"height":2048},{"@type":"BreadcrumbList","@id":"https:\/\/shopbanh.azdigi.shop\/index.php\/san-pham\/banh-gato-mat-ong-duong-la-han-qua-healthy\/#breadcrumb","itemListElement":[{"@type":"ListItem","position":1,"name":"Home","item":"https:\/\/shopbanh.azdigi.shop\/"},{"@type":"ListItem","position":2,"name":"C\u1eeda h\u00e0ng","item":"https:\/\/shopbanh.azdigi.shop\/index.php\/cua-hang\/"},{"@type":"ListItem","position":3,"name":"B\u00e1nh Gato M\u1eadt Ong \u0110\u01b0\u1eddng La H\u00e1n Qu\u1ea3"}]},{"@type":"WebSite","@id":"https:\/\/shopbanh.azdigi.shop\/#website","url":"https:\/\/shopbanh.azdigi.shop\/","name":"Beekeray","description":"","publisher":{"@id":"https:\/\/shopbanh.azdigi.shop\/#\/schema\/person\/8cb6f523c7260b11946ab8fec433d460"},"potentialAction":[{"@type":"SearchAction","target":{"@type":"EntryPoint","urlTemplate":"https:\/\/shopbanh.azdigi.shop\/?s={search_term_string}"},"query-input":{"@type":"PropertyValueSpecification","valueRequired":true,"valueName":"search_term_string"}}],"inLanguage":"vi"},{"@type":["Person","Organization"],"@id":"https:\/\/shopbanh.azdigi.shop\/#\/schema\/person\/8cb6f523c7260b11946ab8fec433d460","name":"phuoc thanh","image":{"@type":"ImageObject","inLanguage":"vi","@id":"https:\/\/shopbanh.azdigi.shop\/#\/schema\/person\/image\/","url":"https:\/\/shopbanh.azdigi.shop\/wp-content\/uploads\/2026\/01\/ong-ban-banh-xp.png","contentUrl":"https:\/\/shopbanh.azdigi.shop\/wp-content\/uploads\/2026\/01\/ong-ban-banh-xp.png","width":290,"height":290,"caption":"phuoc thanh"},"logo":{"@id":"https:\/\/shopbanh.azdigi.shop\/#\/schema\/person\/image\/"},"sameAs":["https:\/\/shopbanh.azdigi.shop"]}]}},"_links":{"self":[{"href":"https:\/\/shopbanh.azdigi.shop\/index.php\/wp-json\/wp\/v2\/product\/642","targetHints":{"allow":["GET"]}}],"collection":[{"href":"https:\/\/shopbanh.azdigi.shop\/index.php\/wp-json\/wp\/v2\/product"}],"about":[{"href":"https:\/\/shopbanh.azdigi.shop\/index.php\/wp-json\/wp\/v2\/types\/product"}],"replies":[{"embeddable":true,"href":"https:\/\/shopbanh.azdigi.shop\/index.php\/wp-json\/wp\/v2\/comments?post=642"}],"wp:featuredmedia":[{"embeddable":true,"href":"https:\/\/shopbanh.azdigi.shop\/index.php\/wp-json\/wp\/v2\/media\/463"}],"wp:attachment":[{"href":"https:\/\/shopbanh.azdigi.shop\/index.php\/wp-json\/wp\/v2\/media?parent=642"}],"wp:term":[{"taxonomy":"product_brand","embeddable":true,"href":"https:\/\/shopbanh.azdigi.shop\/index.php\/wp-json\/wp\/v2\/product_brand?post=642"},{"taxonomy":"product_cat","embeddable":true,"href":"https:\/\/shopbanh.azdigi.shop\/index.php\/wp-json\/wp\/v2\/product_cat?post=642"},{"taxonomy":"product_tag","embeddable":true,"href":"https:\/\/shopbanh.azdigi.shop\/index.php\/wp-json\/wp\/v2\/product_tag?post=642"}],"curies":[{"name":"wp","href":"https:\/\/api.w.org\/{rel}","templated":true}]}}