{"id":262,"date":"2026-04-05T06:46:25","date_gmt":"2026-04-05T06:46:25","guid":{"rendered":"https:\/\/shopbanh.azdigi.shop\/?post_type=product&#038;p=262"},"modified":"2026-04-19T04:21:40","modified_gmt":"2026-04-19T04:21:40","slug":"banh-donut","status":"publish","type":"product","link":"https:\/\/shopbanh.azdigi.shop\/index.php\/san-pham\/banh-donut\/","title":{"rendered":"B\u00e1nh donut"},"content":{"rendered":"<h2 data-path-to-node=\"7,0\"><b data-path-to-node=\"7,0\" data-index-in-node=\"0\">B\u00e1nh Donut M\u1ef9 \u2013 S\u1ef1 K\u1ebft H\u1ee3p Tuy\u1ec7t V\u1eddi Gi\u1eefa V\u1ecf B\u00e1nh M\u1ec1m X\u1ed1p V\u00e0 L\u1edbp Ph\u1ee7 \u0110a D\u1ea1ng<\/b><\/h2>\n<p data-path-to-node=\"7,1\">Ch\u00e0o m\u1eebng b\u1ea1n \u0111\u1ebfn v\u1edbi thi\u00ean \u0111\u01b0\u1eddng \u0111\u1ed3 ng\u1ecdt! D\u00f2ng <b data-path-to-node=\"7,1\" data-index-in-node=\"48\">B\u00e1nh Donut<\/b> c\u1ee7a ch\u00fang t\u00f4i \u0111\u01b0\u1ee3c ch\u1ebf bi\u1ebfn theo c\u00f4ng th\u1ee9c chu\u1ea9n \u00c2u M\u1ef9, mang l\u1ea1i c\u1ea5u tr\u00fac b\u00e1nh m\u1ec1m m\u1ecbn, h\u01a1i dai nh\u1eb9 v\u00e0 ho\u00e0n to\u00e0n kh\u00f4ng g\u00e2y c\u1ea3m gi\u00e1c ng\u1ea5y m\u1ee1. M\u1ed7i chi\u1ebfc b\u00e1nh \u0111\u1ec1u \u0111\u01b0\u1ee3c ch\u0103m ch\u00fat t\u1ec9 m\u1ec9 v\u1edbi nh\u1eefng l\u1edbp ph\u1ee7 (glazing) b\u1eaft m\u1eaft v\u00e0 h\u01b0\u01a1ng v\u1ecb \u0111\u1ed9c \u0111\u00e1o.<\/p>\n<p data-path-to-node=\"7,2\"><b data-path-to-node=\"7,2\" data-index-in-node=\"0\">\u0110i\u1ec3m kh\u00e1c bi\u1ec7t c\u1ee7a B\u00e1nh Donut t\u1ea1i c\u1eeda h\u00e0ng:<\/b><\/p>\n<ul data-path-to-node=\"7,3\">\n<li>\n<p data-path-to-node=\"7,3,0,0\"><b data-path-to-node=\"7,3,0,0\" data-index-in-node=\"0\">C\u1ed1t b\u00e1nh th\u01b0\u1ee3ng h\u1ea1ng:<\/b> \u0110\u01b0\u1ee3c l\u00e0m t\u1eeb b\u1ed9t m\u00ec cao c\u1ea5p v\u00e0 \u1ee7 \u0111\u1ee7 th\u1eddi gian \u0111\u1ec3 t\u1ea1o \u0111\u1ed9 n\u1edf x\u1ed1p t\u1ef1 nhi\u00ean nh\u1ea5t.<\/p>\n<\/li>\n<li>\n<p data-path-to-node=\"7,3,1,0\"><b data-path-to-node=\"7,3,1,0\" data-index-in-node=\"0\">L\u1edbp ph\u1ee7 phong ph\u00fa:<\/b> Ch\u00fang t\u00f4i mang \u0111\u1ebfn nh\u1eefng s\u1ef1 l\u1ef1a ch\u1ecdn kh\u00f4ng th\u1ec3 c\u01b0\u1ee1ng l\u1ea1i nh\u01b0 <b data-path-to-node=\"7,3,1,0\" data-index-in-node=\"80\">Donut D\u00e2u t\u00e2y c\u1ed1m<\/b> ng\u1ecdt ng\u00e0o, <b data-path-to-node=\"7,3,1,0\" data-index-in-node=\"109\">Donut Socola \u0111\u1eadu ph\u1ed9ng<\/b> b\u00e9o b\u00f9i, hay <b data-path-to-node=\"7,3,1,0\" data-index-in-node=\"145\">Donut \u0110\u01b0\u1eddng b\u1ed9t<\/b> truy\u1ec1n th\u1ed1ng thanh tao.<\/p>\n<\/li>\n<li>\n<p data-path-to-node=\"7,3,2,0\"><b data-path-to-node=\"7,3,2,0\" data-index-in-node=\"0\">Nh\u00e2n kem \u0111\u1eb7c bi\u1ec7t:<\/b> \u0110\u1eebng b\u1ecf qua d\u00f2ng <b data-path-to-node=\"7,3,2,0\" data-index-in-node=\"36\">Donut Kem s\u1eefa (Custard)<\/b> v\u1edbi l\u1edbp nh\u00e2n kem tr\u1ee9ng b\u00e9o ng\u1eady tan ch\u1ea3y b\u00ean trong.<\/p>\n<\/li>\n<li>\n<p data-path-to-node=\"7,3,3,0\"><b data-path-to-node=\"7,3,3,0\" data-index-in-node=\"0\">T\u01b0\u01a1i m\u1edbi m\u1ed7i ng\u00e0y:<\/b> B\u00e1nh \u0111\u01b0\u1ee3c ra l\u00f2 li\u00ean t\u1ee5c, \u0111\u1ea3m b\u1ea3o \u0111\u1ed9 m\u1ec1m v\u00e0 h\u01b0\u01a1ng v\u1ecb th\u01a1m ngon nh\u1ea5t khi \u0111\u1ebfn tay b\u1ea1n.<\/p>\n<\/li>\n<\/ul>\n<p data-path-to-node=\"7,4\"><b data-path-to-node=\"7,4\" data-index-in-node=\"0\">G\u1ee3i \u00fd th\u01b0\u1edfng th\u1ee9c:<\/b> M\u1ed9t combo <b data-path-to-node=\"7,4\" data-index-in-node=\"29\">B\u00e1nh Donut<\/b> c\u00f9ng s\u1eefa t\u01b0\u01a1i ho\u1eb7c tr\u00e0 n\u00f3ng l\u00e0 l\u1ef1a ch\u1ecdn tuy\u1ec7t v\u1eddi cho c\u00e1c bu\u1ed5i d\u00e3 ngo\u1ea1i, sinh nh\u1eadt hay \u0111\u01a1n gi\u1ea3n l\u00e0 m\u1ed9t b\u1eefa x\u1ebf ng\u1ecdt ng\u00e0o b\u00ean b\u1ea1n b\u00e8.<\/p>\n<p data-path-to-node=\"7,5\"><i data-path-to-node=\"7,5\" data-index-in-node=\"0\">Kh\u00e1m ph\u00e1 ngay c\u00e1c h\u01b0\u01a1ng v\u1ecb y\u00eau th\u00edch c\u1ee7a b\u1ea1n \u1edf ph\u1ea7n t\u00f9y ch\u1ecdn b\u00ean d\u01b0\u1edbi!<\/i><\/p>\n","protected":false},"excerpt":{"rendered":"<p>D\u00f2ng B\u00e1nh Donut M\u1ef9 m\u1ec1m x\u1ed1p v\u1edbi l\u1edbp ph\u1ee7 \u0111a d\u1ea1ng: D\u00e2u t\u00e2y c\u1ed1m,\u00a0 \u0110\u01b0\u1eddng b\u1ed9t v\u00e0 nh\u00e2n Kem s\u1eefa b\u00e9o ng\u1eady. B\u00e1nh l\u00e0m m\u1edbi m\u1ed7i ng\u00e0y, trang tr\u00ed b\u1eaft m\u1eaft, \u00edt ng\u1ecdt. L\u1ef1a ch\u1ecdn ho\u00e0n h\u1ea3o cho b\u1eefa x\u1ebf ho\u1eb7c qu\u00e0 t\u1eb7ng ng\u1ecdt ng\u00e0o.<\/p>\n","protected":false},"featured_media":492,"comment_status":"open","ping_status":"closed","template":"","meta":[],"product_brand":[],"product_cat":[22,25,26],"product_tag":[],"class_list":{"0":"post-262","1":"product","2":"type-product","3":"status-publish","4":"has-post-thumbnail","6":"product_cat-banh-chau-au","7":"product_cat-banh-mua-le","8":"product_cat-banh-va-tra","10":"first","11":"instock","12":"sale","13":"shipping-taxable","14":"purchasable","15":"product-type-variable"},"yoast_head":"<!-- This site is optimized with the Yoast SEO plugin v27.1.1 - https:\/\/yoast.com\/product\/yoast-seo-wordpress\/ -->\n<title>B\u00e1nh donut - Beekeray<\/title>\n<meta name=\"description\" content=\"Th\u01b0\u1edfng th\u1ee9c B\u00e1nh Donut m\u1ec1m x\u1ed1p v\u1edbi c\u00e1c v\u1ecb: D\u00e2u t\u00e2y, Socola \u0111\u1eadu ph\u1ed9ng, Kem s\u1eefa, \u0110\u01b0\u1eddng b\u1ed9t. . \u0110\u1eb7t h\u00e0ng ngay B\u00e1nh Donut t\u1ea1i \u0111\u00e2y!\" \/>\n<meta name=\"robots\" content=\"index, follow, max-snippet:-1, max-image-preview:large, max-video-preview:-1\" \/>\n<link rel=\"canonical\" href=\"https:\/\/shopbanh.azdigi.shop\/index.php\/san-pham\/banh-donut\/\" \/>\n<meta property=\"og:locale\" content=\"vi_VN\" \/>\n<meta property=\"og:type\" content=\"article\" \/>\n<meta property=\"og:title\" content=\"B\u00e1nh donut - Beekeray\" \/>\n<meta property=\"og:description\" content=\"Th\u01b0\u1edfng th\u1ee9c B\u00e1nh Donut m\u1ec1m x\u1ed1p v\u1edbi c\u00e1c v\u1ecb: D\u00e2u t\u00e2y, Socola \u0111\u1eadu ph\u1ed9ng, Kem s\u1eefa, \u0110\u01b0\u1eddng b\u1ed9t. . \u0110\u1eb7t h\u00e0ng ngay B\u00e1nh Donut t\u1ea1i \u0111\u00e2y!\" \/>\n<meta property=\"og:url\" content=\"https:\/\/shopbanh.azdigi.shop\/index.php\/san-pham\/banh-donut\/\" \/>\n<meta property=\"og:site_name\" content=\"Beekeray\" \/>\n<meta property=\"article:modified_time\" content=\"2026-04-19T04:21:40+00:00\" \/>\n<meta property=\"og:image\" content=\"https:\/\/shopbanh.azdigi.shop\/wp-content\/uploads\/2026\/04\/Gemini_Generated_Image_w9sba9w9sba9w9sb-768x1024.png\" \/>\n\t<meta property=\"og:image:width\" content=\"768\" \/>\n\t<meta property=\"og:image:height\" content=\"1024\" \/>\n\t<meta property=\"og:image:type\" content=\"image\/png\" \/>\n<meta name=\"twitter:card\" content=\"summary_large_image\" \/>\n<meta name=\"twitter:label1\" content=\"\u01af\u1edbc t\u00ednh th\u1eddi gian \u0111\u1ecdc\" \/>\n\t<meta name=\"twitter:data1\" content=\"2 ph\u00fat\" \/>\n<script type=\"application\/ld+json\" class=\"yoast-schema-graph\">{\"@context\":\"https:\/\/schema.org\",\"@graph\":[{\"@type\":\"WebPage\",\"@id\":\"https:\/\/shopbanh.azdigi.shop\/index.php\/san-pham\/banh-donut\/\",\"url\":\"https:\/\/shopbanh.azdigi.shop\/index.php\/san-pham\/banh-donut\/\",\"name\":\"B\u00e1nh donut - Beekeray\",\"isPartOf\":{\"@id\":\"https:\/\/shopbanh.azdigi.shop\/#website\"},\"primaryImageOfPage\":{\"@id\":\"https:\/\/shopbanh.azdigi.shop\/index.php\/san-pham\/banh-donut\/#primaryimage\"},\"image\":{\"@id\":\"https:\/\/shopbanh.azdigi.shop\/index.php\/san-pham\/banh-donut\/#primaryimage\"},\"thumbnailUrl\":\"https:\/\/shopbanh.azdigi.shop\/wp-content\/uploads\/2026\/04\/Gemini_Generated_Image_w9sba9w9sba9w9sb.png\",\"datePublished\":\"2026-04-05T06:46:25+00:00\",\"dateModified\":\"2026-04-19T04:21:40+00:00\",\"description\":\"Th\u01b0\u1edfng th\u1ee9c B\u00e1nh Donut m\u1ec1m x\u1ed1p v\u1edbi c\u00e1c v\u1ecb: D\u00e2u t\u00e2y, Socola \u0111\u1eadu ph\u1ed9ng, Kem s\u1eefa, \u0110\u01b0\u1eddng b\u1ed9t. . \u0110\u1eb7t h\u00e0ng ngay B\u00e1nh Donut t\u1ea1i \u0111\u00e2y!\",\"breadcrumb\":{\"@id\":\"https:\/\/shopbanh.azdigi.shop\/index.php\/san-pham\/banh-donut\/#breadcrumb\"},\"inLanguage\":\"vi\",\"potentialAction\":[{\"@type\":\"ReadAction\",\"target\":[\"https:\/\/shopbanh.azdigi.shop\/index.php\/san-pham\/banh-donut\/\"]}]},{\"@type\":\"ImageObject\",\"inLanguage\":\"vi\",\"@id\":\"https:\/\/shopbanh.azdigi.shop\/index.php\/san-pham\/banh-donut\/#primaryimage\",\"url\":\"https:\/\/shopbanh.azdigi.shop\/wp-content\/uploads\/2026\/04\/Gemini_Generated_Image_w9sba9w9sba9w9sb.png\",\"contentUrl\":\"https:\/\/shopbanh.azdigi.shop\/wp-content\/uploads\/2026\/04\/Gemini_Generated_Image_w9sba9w9sba9w9sb.png\",\"width\":1792,\"height\":2388},{\"@type\":\"BreadcrumbList\",\"@id\":\"https:\/\/shopbanh.azdigi.shop\/index.php\/san-pham\/banh-donut\/#breadcrumb\",\"itemListElement\":[{\"@type\":\"ListItem\",\"position\":1,\"name\":\"Home\",\"item\":\"https:\/\/shopbanh.azdigi.shop\/\"},{\"@type\":\"ListItem\",\"position\":2,\"name\":\"C\u1eeda h\u00e0ng\",\"item\":\"https:\/\/shopbanh.azdigi.shop\/index.php\/cua-hang\/\"},{\"@type\":\"ListItem\",\"position\":3,\"name\":\"B\u00e1nh donut\"}]},{\"@type\":\"WebSite\",\"@id\":\"https:\/\/shopbanh.azdigi.shop\/#website\",\"url\":\"https:\/\/shopbanh.azdigi.shop\/\",\"name\":\"Beekeray\",\"description\":\"\",\"publisher\":{\"@id\":\"https:\/\/shopbanh.azdigi.shop\/#\/schema\/person\/8cb6f523c7260b11946ab8fec433d460\"},\"potentialAction\":[{\"@type\":\"SearchAction\",\"target\":{\"@type\":\"EntryPoint\",\"urlTemplate\":\"https:\/\/shopbanh.azdigi.shop\/?s={search_term_string}\"},\"query-input\":{\"@type\":\"PropertyValueSpecification\",\"valueRequired\":true,\"valueName\":\"search_term_string\"}}],\"inLanguage\":\"vi\"},{\"@type\":[\"Person\",\"Organization\"],\"@id\":\"https:\/\/shopbanh.azdigi.shop\/#\/schema\/person\/8cb6f523c7260b11946ab8fec433d460\",\"name\":\"phuoc thanh\",\"image\":{\"@type\":\"ImageObject\",\"inLanguage\":\"vi\",\"@id\":\"https:\/\/shopbanh.azdigi.shop\/#\/schema\/person\/image\/\",\"url\":\"https:\/\/shopbanh.azdigi.shop\/wp-content\/uploads\/2026\/01\/ong-ban-banh-xp.png\",\"contentUrl\":\"https:\/\/shopbanh.azdigi.shop\/wp-content\/uploads\/2026\/01\/ong-ban-banh-xp.png\",\"width\":290,\"height\":290,\"caption\":\"phuoc thanh\"},\"logo\":{\"@id\":\"https:\/\/shopbanh.azdigi.shop\/#\/schema\/person\/image\/\"},\"sameAs\":[\"https:\/\/shopbanh.azdigi.shop\"]}]}<\/script>\n<!-- \/ Yoast SEO plugin. -->","yoast_head_json":{"title":"B\u00e1nh donut - Beekeray","description":"Th\u01b0\u1edfng th\u1ee9c B\u00e1nh Donut m\u1ec1m x\u1ed1p v\u1edbi c\u00e1c v\u1ecb: D\u00e2u t\u00e2y, Socola \u0111\u1eadu ph\u1ed9ng, Kem s\u1eefa, \u0110\u01b0\u1eddng b\u1ed9t. . \u0110\u1eb7t h\u00e0ng ngay B\u00e1nh Donut t\u1ea1i \u0111\u00e2y!","robots":{"index":"index","follow":"follow","max-snippet":"max-snippet:-1","max-image-preview":"max-image-preview:large","max-video-preview":"max-video-preview:-1"},"canonical":"https:\/\/shopbanh.azdigi.shop\/index.php\/san-pham\/banh-donut\/","og_locale":"vi_VN","og_type":"article","og_title":"B\u00e1nh donut - Beekeray","og_description":"Th\u01b0\u1edfng th\u1ee9c B\u00e1nh Donut m\u1ec1m x\u1ed1p v\u1edbi c\u00e1c v\u1ecb: D\u00e2u t\u00e2y, Socola \u0111\u1eadu ph\u1ed9ng, Kem s\u1eefa, \u0110\u01b0\u1eddng b\u1ed9t. . \u0110\u1eb7t h\u00e0ng ngay B\u00e1nh Donut t\u1ea1i \u0111\u00e2y!","og_url":"https:\/\/shopbanh.azdigi.shop\/index.php\/san-pham\/banh-donut\/","og_site_name":"Beekeray","article_modified_time":"2026-04-19T04:21:40+00:00","og_image":[{"width":768,"height":1024,"url":"https:\/\/shopbanh.azdigi.shop\/wp-content\/uploads\/2026\/04\/Gemini_Generated_Image_w9sba9w9sba9w9sb-768x1024.png","type":"image\/png"}],"twitter_card":"summary_large_image","twitter_misc":{"\u01af\u1edbc t\u00ednh th\u1eddi gian \u0111\u1ecdc":"2 ph\u00fat"},"schema":{"@context":"https:\/\/schema.org","@graph":[{"@type":"WebPage","@id":"https:\/\/shopbanh.azdigi.shop\/index.php\/san-pham\/banh-donut\/","url":"https:\/\/shopbanh.azdigi.shop\/index.php\/san-pham\/banh-donut\/","name":"B\u00e1nh donut - Beekeray","isPartOf":{"@id":"https:\/\/shopbanh.azdigi.shop\/#website"},"primaryImageOfPage":{"@id":"https:\/\/shopbanh.azdigi.shop\/index.php\/san-pham\/banh-donut\/#primaryimage"},"image":{"@id":"https:\/\/shopbanh.azdigi.shop\/index.php\/san-pham\/banh-donut\/#primaryimage"},"thumbnailUrl":"https:\/\/shopbanh.azdigi.shop\/wp-content\/uploads\/2026\/04\/Gemini_Generated_Image_w9sba9w9sba9w9sb.png","datePublished":"2026-04-05T06:46:25+00:00","dateModified":"2026-04-19T04:21:40+00:00","description":"Th\u01b0\u1edfng th\u1ee9c B\u00e1nh Donut m\u1ec1m x\u1ed1p v\u1edbi c\u00e1c v\u1ecb: D\u00e2u t\u00e2y, Socola \u0111\u1eadu ph\u1ed9ng, Kem s\u1eefa, \u0110\u01b0\u1eddng b\u1ed9t. . \u0110\u1eb7t h\u00e0ng ngay B\u00e1nh Donut t\u1ea1i \u0111\u00e2y!","breadcrumb":{"@id":"https:\/\/shopbanh.azdigi.shop\/index.php\/san-pham\/banh-donut\/#breadcrumb"},"inLanguage":"vi","potentialAction":[{"@type":"ReadAction","target":["https:\/\/shopbanh.azdigi.shop\/index.php\/san-pham\/banh-donut\/"]}]},{"@type":"ImageObject","inLanguage":"vi","@id":"https:\/\/shopbanh.azdigi.shop\/index.php\/san-pham\/banh-donut\/#primaryimage","url":"https:\/\/shopbanh.azdigi.shop\/wp-content\/uploads\/2026\/04\/Gemini_Generated_Image_w9sba9w9sba9w9sb.png","contentUrl":"https:\/\/shopbanh.azdigi.shop\/wp-content\/uploads\/2026\/04\/Gemini_Generated_Image_w9sba9w9sba9w9sb.png","width":1792,"height":2388},{"@type":"BreadcrumbList","@id":"https:\/\/shopbanh.azdigi.shop\/index.php\/san-pham\/banh-donut\/#breadcrumb","itemListElement":[{"@type":"ListItem","position":1,"name":"Home","item":"https:\/\/shopbanh.azdigi.shop\/"},{"@type":"ListItem","position":2,"name":"C\u1eeda h\u00e0ng","item":"https:\/\/shopbanh.azdigi.shop\/index.php\/cua-hang\/"},{"@type":"ListItem","position":3,"name":"B\u00e1nh donut"}]},{"@type":"WebSite","@id":"https:\/\/shopbanh.azdigi.shop\/#website","url":"https:\/\/shopbanh.azdigi.shop\/","name":"Beekeray","description":"","publisher":{"@id":"https:\/\/shopbanh.azdigi.shop\/#\/schema\/person\/8cb6f523c7260b11946ab8fec433d460"},"potentialAction":[{"@type":"SearchAction","target":{"@type":"EntryPoint","urlTemplate":"https:\/\/shopbanh.azdigi.shop\/?s={search_term_string}"},"query-input":{"@type":"PropertyValueSpecification","valueRequired":true,"valueName":"search_term_string"}}],"inLanguage":"vi"},{"@type":["Person","Organization"],"@id":"https:\/\/shopbanh.azdigi.shop\/#\/schema\/person\/8cb6f523c7260b11946ab8fec433d460","name":"phuoc thanh","image":{"@type":"ImageObject","inLanguage":"vi","@id":"https:\/\/shopbanh.azdigi.shop\/#\/schema\/person\/image\/","url":"https:\/\/shopbanh.azdigi.shop\/wp-content\/uploads\/2026\/01\/ong-ban-banh-xp.png","contentUrl":"https:\/\/shopbanh.azdigi.shop\/wp-content\/uploads\/2026\/01\/ong-ban-banh-xp.png","width":290,"height":290,"caption":"phuoc thanh"},"logo":{"@id":"https:\/\/shopbanh.azdigi.shop\/#\/schema\/person\/image\/"},"sameAs":["https:\/\/shopbanh.azdigi.shop"]}]}},"_links":{"self":[{"href":"https:\/\/shopbanh.azdigi.shop\/index.php\/wp-json\/wp\/v2\/product\/262","targetHints":{"allow":["GET"]}}],"collection":[{"href":"https:\/\/shopbanh.azdigi.shop\/index.php\/wp-json\/wp\/v2\/product"}],"about":[{"href":"https:\/\/shopbanh.azdigi.shop\/index.php\/wp-json\/wp\/v2\/types\/product"}],"replies":[{"embeddable":true,"href":"https:\/\/shopbanh.azdigi.shop\/index.php\/wp-json\/wp\/v2\/comments?post=262"}],"wp:featuredmedia":[{"embeddable":true,"href":"https:\/\/shopbanh.azdigi.shop\/index.php\/wp-json\/wp\/v2\/media\/492"}],"wp:attachment":[{"href":"https:\/\/shopbanh.azdigi.shop\/index.php\/wp-json\/wp\/v2\/media?parent=262"}],"wp:term":[{"taxonomy":"product_brand","embeddable":true,"href":"https:\/\/shopbanh.azdigi.shop\/index.php\/wp-json\/wp\/v2\/product_brand?post=262"},{"taxonomy":"product_cat","embeddable":true,"href":"https:\/\/shopbanh.azdigi.shop\/index.php\/wp-json\/wp\/v2\/product_cat?post=262"},{"taxonomy":"product_tag","embeddable":true,"href":"https:\/\/shopbanh.azdigi.shop\/index.php\/wp-json\/wp\/v2\/product_tag?post=262"}],"curies":[{"name":"wp","href":"https:\/\/api.w.org\/{rel}","templated":true}]}}